{"id":531,"date":"2013-07-28T11:01:45","date_gmt":"2013-07-28T11:01:45","guid":{"rendered":"http:\/\/www.adberlin.com\/neu\/?page_id=531"},"modified":"2022-09-18T15:38:15","modified_gmt":"2022-09-18T13:38:15","slug":"startseite-2","status":"publish","type":"page","link":"https:\/\/www.adberlin.com\/neu\/","title":{"rendered":"Herzlich willkommen"},"content":{"rendered":"<h2><b>&#8230; auf den Internetseiten von ambulante dienste e. V. in Berlin!<\/b><\/h2>\n<p><a href=\"http:\/\/ad-lab.org\"><img decoding=\"async\" loading=\"lazy\" class=\"aligncenter size-full wp-image-4339\" src=\"https:\/\/www.adberlin.com\/neu\/wp-content\/uploads\/2013\/07\/ad-bewegt_Button.jpg\" alt=\"Link zur virtuellen Dauerausstellung &quot;ad:bewegt!&quot;\" width=\"225\" height=\"86\" \/><\/a><\/p>\n<div style=\"width: 80%; border: 2px solid black; background-color: #ecf1af; margin: 0px auto; margin-bottom: 20px; padding: 5px;\">F\u00fcr diejenigen, die es eilig haben bzw. bestimmte Informationen suchen:<br \/>\n<a style=\"font-weight: bold; color: black;\" title=\"Glossar\" href=\"https:\/\/www.adberlin.com\/neu\/themen-von-a-bis-z\">Hier<\/a> finden Sie ein Stichwortverzeichnis zu den Inhalten unserer Internet-Pr\u00e4senz.<br \/>\n<span style=\"color: #ff0000;\"> Den Haustarifvertrag und den \u00dcberleitungstarifvertrag finden Mitarbeiter*innen von ambulante dienste e. V. im internen Bereich.<\/span><\/div>\n<p>Der Verein ambulante dienste e. V. in Berlin wurde im Fr\u00fchjahr 1981 gegr\u00fcndet und hat es sich zum Ziel gesetzt, Menschen\u00a0 mit einer Behinderung ein selbstbestimmtes und selbstverantwortetes Leben zu erm\u00f6glichen.<br \/>\n[<a title=\"Der Verein ambulante dienste e. V.\" href=\"https:\/\/www.adberlin.com\/neu\/der-verein-ambulante-dienste-e-v\">Mehr \u00fcber den Verein<\/a>]<br \/>\n[<a title=\"virtuelle Dauerausstellung zum 40(+1)-j\u00e4hrigen Bestehen von ambulante dienste e. V.\" href=\"https:\/\/www.adberlin.com\/neu\/der-verein-ambulante-dienste-e-v\/virtuelle-dauerausstellung\"><strong><span style=\"color: #ff0000;\">virtuelle Dauerausstellung zum 40(+1)-j\u00e4hrigen Bestehen von ambulante dienste e. V.<\/span><\/strong><\/a>]<\/p>\n<p>Um als Mensch mit einer Behinderung selbstbestimmt leben zu k\u00f6nnen, ist es von zentraler Bedeutung,\u00a0 im ausreichenden Ma\u00dfe Pers\u00f6nliche Assistenz zu erhalten. Deshalb ist der Verein Tr\u00e4ger eines Assistenzdienstes. Mit \u00fcber 100 Kund*innen und mehr als 700 Mitarbeiter*innen ist ambulante Dienste e. V. einer der gr\u00f6\u00dften Anbieter von pers\u00f6nlicher Assistenz in Deutschland.<br \/>\n[<a title=\"Der Assistenzdienst von ambulante dienste e. V.\" href=\"https:\/\/www.adberlin.com\/neu\/startseite\/assistenzdienst\">Mehr \u00fcber den Assistenzdienst<\/a>]<\/p>\n<p>Neben der Vermittlung von Assistenzkr\u00e4ften an behinderte Menschen bieten wir <a title=\"Beratung\" href=\"https:\/\/www.adberlin.com\/neu\/unser-angebot\/beratung\">verschiedene Formen der Beratung<\/a> sowie <a title=\"Qualifizierung von AssistentInnen\" href=\"https:\/\/www.adberlin.com\/neu\/unser-angebot\/qualifizierung-von-assistentinnen\">Qualifizierungsangebote f\u00fcr zuk\u00fcnftige Assistent*innen<\/a> an.<\/p>\n<p><a title=\"Assistenz im Urlaub\" href=\"https:\/\/www.adberlin.com\/neu\/wp-content\/uploads\/2015\/07\/Foto-Brandbg.-Tor-Assistenz_mini.jpg\"><img decoding=\"async\" loading=\"lazy\" class=\"alignleft wp-image-1774 size-full\" src=\"https:\/\/www.adberlin.com\/neu\/wp-content\/uploads\/2015\/07\/Foto-Brandbg.-Tor-Assistenz_mini.jpg\" alt=\"eine nichtbehinderte Person zeigt einer Person im Rollstuhl das Brandburger Tor\" width=\"198\" height=\"117\" \/><\/a><br \/>\nAu\u00dferdem unterst\u00fctzen wir Sie bei der Suche nach <a title=\"zeitlich befristete Assistenz\" href=\"https:\/\/www.adberlin.com\/neu\/unser-angebot\/personliche-assistenz\/personliche-assistenz-in-besonderen-lebenssituationen\/zeitlich-befristete-assistenz\">zeitlich befristeter Assistenz<\/a> &#8211; nicht nur w\u00e4hrend einer Urlaubsreise in Berlin.<\/p>\n<p><br clear=\"left\" \/><br \/>\nN\u00e4heres finden Sie im Men\u00fc unter den entsprechenden Stichworten.<\/p>\n<p>Viel Spa\u00df beim St\u00f6bern auf unserer Homepage!<\/p>\n<p>&nbsp;<\/p>\n<p>Wir sind Mitglied im<\/p>\n<p><a href=\"http:\/\/www.paritaet-berlin.de\/startseite.html\"><img decoding=\"async\" loading=\"lazy\" class=\"alignnone size-full wp-image-882\" src=\"https:\/\/www.adberlin.com\/neu\/wp-content\/uploads\/2013\/07\/dpw-berlin_logo.gif\" alt=\"dpw-berlin_logo\" width=\"300\" height=\"59\" \/><\/a><\/p>\n","protected":false},"excerpt":{"rendered":"<p>&#8230; auf den Internetseiten von ambulante dienste e. V. in Berlin! F\u00fcr diejenigen, die es eilig haben bzw. bestimmte Informationen suchen: Hier finden Sie ein Stichwortverzeichnis zu den Inhalten unserer Internet-Pr\u00e4senz. Den Haustarifvertrag und den \u00dcberleitungstarifvertrag finden Mitarbeiter*innen von ambulante &#8230;<br \/> <a href=\"https:\/\/www.adberlin.com\/neu\/\" class=\"readmore_link\">weiterlesen<\/a><\/p>\n","protected":false},"author":2,"featured_media":0,"parent":0,"menu_order":0,"comment_status":"closed","ping_status":"closed","template":"","meta":[],"_links":{"self":[{"href":"https:\/\/www.adberlin.com\/neu\/wp-json\/wp\/v2\/pages\/531"}],"collection":[{"href":"https:\/\/www.adberlin.com\/neu\/wp-json\/wp\/v2\/pages"}],"about":[{"href":"https:\/\/www.adberlin.com\/neu\/wp-json\/wp\/v2\/types\/page"}],"author":[{"embeddable":true,"href":"https:\/\/www.adberlin.com\/neu\/wp-json\/wp\/v2\/users\/2"}],"replies":[{"embeddable":true,"href":"https:\/\/www.adberlin.com\/neu\/wp-json\/wp\/v2\/comments?post=531"}],"version-history":[{"count":138,"href":"https:\/\/www.adberlin.com\/neu\/wp-json\/wp\/v2\/pages\/531\/revisions"}],"predecessor-version":[{"id":2433,"href":"https:\/\/www.adberlin.com\/neu\/wp-json\/wp\/v2\/pages\/531\/revisions\/2433"}],"wp:attachment":[{"href":"https:\/\/www.adberlin.com\/neu\/wp-json\/wp\/v2\/media?parent=531"}],"curies":[{"name":"wp","href":"https:\/\/api.w.org\/{rel}","templated":true}]}}