{"id":449,"date":"2013-07-17T14:38:57","date_gmt":"2013-07-17T14:38:57","guid":{"rendered":"http:\/\/www.adberlin.com\/neu\/?page_id=449"},"modified":"2025-07-08T17:59:48","modified_gmt":"2025-07-08T16:59:48","slug":"finanzierung-von-personlicher-assistenz","status":"publish","type":"page","link":"https:\/\/www.adberlin.com\/neu\/unser-angebot\/personliche-assistenz\/finanzierung-von-personlicher-assistenz","title":{"rendered":"Finanzierung von pers\u00f6nlicher Assistenz"},"content":{"rendered":"<p>Pers\u00f6nliche Assistenz ist (leider) bis heute eine einkommensabh\u00e4ngige Sozialleistung. Das hei\u00dft, dass assistenzabh\u00e4ngige Personen zur Finanzierung ihrer Unterst\u00fctzung mit herangezogen werden, wenn ihr zu versteuerndes Einkommen bzw. ihre Rente (des Vorvorjahres) einen bestimmten Prozentsatz der sog. j\u00e4hrlichen <a href=\"https:\/\/de.wikipedia.org\/wiki\/Bezugsgr%C3%B6%C3%9Fe\" target=\"_blank\" rel=\"noopener\">Bezugsgr\u00f6\u00dfe<\/a> \u00fcbersteigt. [<a href=\"https:\/\/www.adberlin.com\/neu\/unser-angebot\/personliche-assistenz\/finanzierung-von-personlicher-assistenz#Anmerkung_1\">1<\/a>]<br \/>\n(Eine Ausnahme ist Arbeitsassistenz, die einkommensunabh\u00e4ngig durch das Integrationsamt bezahlt wird.)<\/p>\n<p>Die Forderung behinderter Menschen nach einem steuerfinanzierten Leistungsgesetz zur Finanzierung von pers\u00f6nlicher Assistenz konnte bisher nicht durchgesetzt werden.<\/p>\n<p>Es gibt in Berlin einen besonderen Verg\u00fctungssatz zur Finanzierung der Pers\u00f6nlichen Assistenz. Er wurde nach Einf\u00fchrung der Pflegeversicherung mit ihrem Modulsystem entwickelt.<\/p>\n<p>Um Leistungen der Pers\u00f6nlichen Assistenz beziehen zu k\u00f6nnen, ist ein anerkannter Assistenzbedarf von mindestens f\u00fcnf Stunden am Tag notwendig.<\/p>\n<p>Die Verg\u00fctung f\u00fcr Pers\u00f6nliche Assistenz betr\u00e4gt derzeit 54,17 EUR je geleisteter Stunde am Tag (zwischen 6:00 und 21:00 Uhr) bzw. 58,15 EUR je geleisteter Stunde in der Nacht. Hinzu kommt jeweils eine Investitionskostenpauschale gem. \u00a7 82 SGB XI von 2,5 %, so dass wir unseren Kund*innen <strong>55,52 EUR pro geleisteter Assistenzstunde am Tag bzw. 59,60 EUR pro geleisteter Assistenzstunde in der Nacht<\/strong> in Rechnung stellen.<\/p>\n<p>&gt; <a href=\"http:\/\/www.adberlin.com\/downloads\/BRV vom 05.06.2019 _ P. 17 Pers\u00f6nliche Assistenz in Verbindung mit der Anlage 5 des BRV.pdf\">Auszug aus dem Berliner Rahmenvertrag vom 05.06.2019<\/a><\/p>\n<div>\n<p>Davon abgesehen hat ambulante dienste e. V. einen <b>Versorgungsvertrag nach SGB XI mit den Pflegekassen<\/b>, sodass pers\u00f6nliche Assistenz bis zur H\u00f6he der Pflegesachleistung mit der jeweiligen Pflegekasse abgerechnet werden kann.<\/p>\n<p>&nbsp;<\/p>\n<p>________________________________________________________<\/p>\n<\/div>\n<p><a name=\"Anmerkung_1\"><\/a>1) Die Einkommensgrenze, bis zu der keine Zuzahlungen geleistet werden m\u00fcssen, liegt<\/p>\n<ul>\n<li>f\u00fcr sozialversicherungspflichtig Besch\u00e4ftigte, Selbstst\u00e4ndige und freiberuflich T\u00e4tige bei 85 % der j\u00e4hrlichen Bezugsgr\u00f6\u00dfe<\/li>\n<li>f\u00fcr Bezieher*innen von Renteneink\u00fcnften bei 60 % der j\u00e4hrlichen Bezugsgr\u00f6\u00dfe<\/li>\n<\/ul>\n<p>Hinzu kommen ggf. Erh\u00f6hungsbetr\u00e4ge f\u00fcr Partner und Kind(er).<\/p>\n","protected":false},"excerpt":{"rendered":"<p>Pers\u00f6nliche Assistenz ist (leider) bis heute eine einkommensabh\u00e4ngige Sozialleistung. Das hei\u00dft, dass assistenzabh\u00e4ngige Personen zur Finanzierung ihrer Unterst\u00fctzung mit herangezogen werden, wenn ihr zu versteuerndes Einkommen bzw. ihre Rente (des Vorvorjahres) einen bestimmten Prozentsatz der sog. j\u00e4hrlichen Bezugsgr\u00f6\u00dfe \u00fcbersteigt. [1] &#8230;<br \/> <a href=\"https:\/\/www.adberlin.com\/neu\/unser-angebot\/personliche-assistenz\/finanzierung-von-personlicher-assistenz\" class=\"readmore_link\">weiterlesen<\/a><\/p>\n","protected":false},"author":3,"featured_media":0,"parent":403,"menu_order":0,"comment_status":"closed","ping_status":"closed","template":"","meta":[],"_links":{"self":[{"href":"https:\/\/www.adberlin.com\/neu\/wp-json\/wp\/v2\/pages\/449"}],"collection":[{"href":"https:\/\/www.adberlin.com\/neu\/wp-json\/wp\/v2\/pages"}],"about":[{"href":"https:\/\/www.adberlin.com\/neu\/wp-json\/wp\/v2\/types\/page"}],"author":[{"embeddable":true,"href":"https:\/\/www.adberlin.com\/neu\/wp-json\/wp\/v2\/users\/3"}],"replies":[{"embeddable":true,"href":"https:\/\/www.adberlin.com\/neu\/wp-json\/wp\/v2\/comments?post=449"}],"version-history":[{"count":20,"href":"https:\/\/www.adberlin.com\/neu\/wp-json\/wp\/v2\/pages\/449\/revisions"}],"predecessor-version":[{"id":5569,"href":"https:\/\/www.adberlin.com\/neu\/wp-json\/wp\/v2\/pages\/449\/revisions\/5569"}],"up":[{"embeddable":true,"href":"https:\/\/www.adberlin.com\/neu\/wp-json\/wp\/v2\/pages\/403"}],"wp:attachment":[{"href":"https:\/\/www.adberlin.com\/neu\/wp-json\/wp\/v2\/media?parent=449"}],"curies":[{"name":"wp","href":"https:\/\/api.w.org\/{rel}","templated":true}]}}