{"id":396,"date":"2013-07-16T13:54:06","date_gmt":"2013-07-16T13:54:06","guid":{"rendered":"http:\/\/www.adberlin.com\/neu\/?page_id=396"},"modified":"2014-02-02T17:00:21","modified_gmt":"2014-02-02T17:00:21","slug":"30-jahre-ad","status":"publish","type":"page","link":"https:\/\/www.adberlin.com\/neu\/der-verein-ambulante-dienste-e-v\/aktivitaeten\/30-jahre-ad","title":{"rendered":"30 Jahre amulante dienste e. V."},"content":{"rendered":"<p><b>Im Jahr 2011 wurde der Verein ambulante dienste e. V. 30 Jahre alt.<br \/>\n<\/b>&#8211;<b> <\/b>Der vom Verein getragene Assistenzdienst entwickelte sich von einer Selbsthilfeinitiative zu einem mittelst\u00e4ndischen Unternehmen.<\/p>\n<p>Am 7. Mai 2011 fand unsere interne Jubil\u00e4umsfeier im Pinellodrom Berlin statt:<br \/>\nBei sch\u00f6nem Wetter gab es zun\u00e4chst im Garten ein gem\u00fctliches Beisammensein bei Kaffee und Kuchen. Dabei \u00fcberraschte Uta Wehde, Gesch\u00e4ftsf\u00fchrerin von ambulante dienste e. V. langj\u00e4hrige bzw. besonders engagierte AssistenznehmerInnen, AssistentInnen sowie MitarbeiterInnen mit Pr\u00e4senten. Am sp\u00e4teren Nachmittag\u00a0 wurde im Saal des Pinellodroms mit kulturellen Beitr\u00e4gen weitergefeiert. Ein Highlight war die Ausstellung \u201eIn 30 Jahren um die Welt\u201c , in der AssistenznehmerInnen Fotos ihrer Reisen pr\u00e4sentierten, die durch ambulante dienste e. V. m\u00f6glich waren [<a title=\"Urlaubs- bzw. Reiseassistenz\" href=\"https:\/\/www.adberlin.com\/neu\/unser-angebot\/personliche-assistenz\/personliche-assistenz-in-besonderen-lebenssituationen\/urlaubs-bzw-reiseassistenz\">zur Bildergalerie<\/a>].<\/p>\n<p>Als offizielles Jubil\u00e4um veranstaltete ambulante dienste e.V. am 30. September 2011\u00a0in der Kreuzberger Jerusalemkirche einen Fachtag zum Thema Lebensqualit\u00e4t. Das Thema des Fachtags resultierte aus der Diskrepanz heraus, dass die (objektive) Qualit\u00e4t, die der Medizinische Dienst der Krankenkassen (MDK) regelm\u00e4\u00dfig bei Pflegediensten abpr\u00fcft, nicht gleichbedeutend ist mit der (subjektiven) Lebensqualit\u00e4t, die eine auf Assistenz angewiesene Person empfindet. Vor diesem Hintergrund wollte ambulante dienste e. V. alternative bzw. partizipative Ans\u00e4tze, Bewertungsinstrumente und Methoden der Qualit\u00e4tssicherung vorstellen.<\/p>\n<p>&gt;<a href=\"http:\/\/www.adberlin.com\/downloads\/fachtag2011\/programm.pdf\"> Programm des Fachtags<\/a><\/p>\n<p>&gt; Text des Er\u00f6ffnungsvortrags:<br \/>\n<a href=\"http:\/\/www.adberlin.com\/downloads\/fachtag2011\/vernaldi.pdf\">\u201cStandardisierte Selbstbestimmung? \u2013 Qualit\u00e4tsanforderungen in der Pflege und pers\u00f6nliche Assistenz\u201d<\/a><br \/>\nvon Matthias Vernaldi, Vorstand ambulante dienste e.V.<\/p>\n<p>&gt; Powerpoint-Pr\u00e4sentationsfolien der Arbeitsgruppe 1: <a href=\"http:\/\/www.adberlin.com\/downloads\/fachtag2011\/seifert.pdf\"><br \/>\nDas Konzept Lebensqualit\u00e4t als Orientierungsrahmen zur Ann\u00e4herung an die Nutzerperspektive<\/a> von und mit Dr. Monika Seifert, Katholische Fachhochschule Berlin<\/p>\n<p>&gt;Powerpoint-Pr\u00e4sentationsfolien der Arbeitsgruppe 2:<a href=\"http:\/\/www.adberlin.com\/downloads\/fachtag2011\/nueva.pdf\"><br \/>\nNueva \u2013 Nutzerinnen und Nutzer evaluieren<\/a> von und mit<\/p>\n<ul>\n<li>Mag. Martin Konrad (Nueva-Graz)<\/li>\n<li>Janna Harms (Nueva-Ausbildung Berlin)<\/li>\n<li>Eva Scherer (Nueva-Ausbildung Berlin)<\/li>\n<li>Marian Holland (Nueva-Ausbildung Berlin)<\/li>\n<\/ul>\n<p>Nach einer kurzen Pause\u00a0 folgte im Anschluss an den Fachtag ein Empfang mit Gru\u00dfworten von einigen Wegbegleitern des Vereins:<\/p>\n<ul>\n<li>Heinrich Stockschlaeder im Auftrag der Senatorin f\u00fcr Integration, Arbeit und Soziales Carola Bluhm,<\/li>\n<li>Holger Gerecke (ehemaliger Mitarbeiter der Senatsverwaltung f\u00fcr Soziales, der ma\u00dfgeblich zur Etablierung des Leistungskomplex 32 [LK 32] beigetragen hat),<\/li>\n<li>Dr. Oliver Zobel, dem Fachreferenten f\u00fcr ambulante Pflege und Hospize beim Parit\u00e4tischen Wohlfahrtsverband, LV Berlin,<\/li>\n<li>Dr. Ilja Seifert, dem behindertenpolitischen Sprecher der Bundestagsfraktion Die Linke und<\/li>\n<li>Roland Walter, Mitglied der AssistenznehmerInnen-Vertretung des ambulante dienste dienste e.V.<\/li>\n<\/ul>\n<p>Alle hoben in ihren Reden die gro\u00dfe Bedeutung des LK 32 f\u00fcr pers\u00f6nliche Assistenz hervor. Mit diesem bundesweit einmaligen Konstrukt war es nach Einf\u00fchrung der Pflegeversicherung gelungen, dass die Einf\u00fchrung des Modulsystems mit der daraus resultierenden \u201ePflege im Minutentakt\u201c in der pers\u00f6nlichen Assistenz verhindert werden konnte.<\/p>\n<p>&gt; <a title=\"30 Jahre ambulante dienste e. V.: Fotos von Fachtag anschlie\u00dfendem Empfang\" href=\"https:\/\/www.adberlin.com\/neu\/der-verein-ambulante-dienste-e-v\/ad-geschichte\/30-jahre-ad\/30-jahre-ambulante-dienste-e-v-fotos\">Fotos vom Fachtag anschlie\u00dfendem Empfang<\/a><\/p>\n<div>\n<p>&nbsp;<\/p>\n<\/div>\n","protected":false},"excerpt":{"rendered":"<p>Im Jahr 2011 wurde der Verein ambulante dienste e. V. 30 Jahre alt. &#8211; Der vom Verein getragene Assistenzdienst entwickelte sich von einer Selbsthilfeinitiative zu einem mittelst\u00e4ndischen Unternehmen. Am 7. Mai 2011 fand unsere interne Jubil\u00e4umsfeier im Pinellodrom Berlin statt: &#8230;<br \/> <a href=\"https:\/\/www.adberlin.com\/neu\/der-verein-ambulante-dienste-e-v\/aktivitaeten\/30-jahre-ad\" class=\"readmore_link\">weiterlesen<\/a><\/p>\n","protected":false},"author":3,"featured_media":0,"parent":393,"menu_order":0,"comment_status":"closed","ping_status":"closed","template":"","meta":[],"_links":{"self":[{"href":"https:\/\/www.adberlin.com\/neu\/wp-json\/wp\/v2\/pages\/396"}],"collection":[{"href":"https:\/\/www.adberlin.com\/neu\/wp-json\/wp\/v2\/pages"}],"about":[{"href":"https:\/\/www.adberlin.com\/neu\/wp-json\/wp\/v2\/types\/page"}],"author":[{"embeddable":true,"href":"https:\/\/www.adberlin.com\/neu\/wp-json\/wp\/v2\/users\/3"}],"replies":[{"embeddable":true,"href":"https:\/\/www.adberlin.com\/neu\/wp-json\/wp\/v2\/comments?post=396"}],"version-history":[{"count":6,"href":"https:\/\/www.adberlin.com\/neu\/wp-json\/wp\/v2\/pages\/396\/revisions"}],"predecessor-version":[{"id":1061,"href":"https:\/\/www.adberlin.com\/neu\/wp-json\/wp\/v2\/pages\/396\/revisions\/1061"}],"up":[{"embeddable":true,"href":"https:\/\/www.adberlin.com\/neu\/wp-json\/wp\/v2\/pages\/393"}],"wp:attachment":[{"href":"https:\/\/www.adberlin.com\/neu\/wp-json\/wp\/v2\/media?parent=396"}],"curies":[{"name":"wp","href":"https:\/\/api.w.org\/{rel}","templated":true}]}}

<p><b>Im Jahr 2011 wurde der Verein ambulante dienste e. V. 30 Jahre alt.<br />
</b>&#8211;<b> </b>Der vom Verein getragene Assistenzdienst entwickelte sich von einer Selbsthilfeinitiative zu einem mittelständischen Unternehmen.</p>
<p>Am 7. Mai 2011 fand unsere interne Jubiläumsfeier im Pinellodrom Berlin statt:<br />
Bei schönem Wetter gab es zunächst im Garten ein gemütliches Beisammensein bei Kaffee und Kuchen. Dabei überraschte Uta Wehde, Geschäftsführerin von ambulante dienste e. V. langjährige bzw. besonders engagierte AssistenznehmerInnen, AssistentInnen sowie MitarbeiterInnen mit Präsenten. Am späteren Nachmittag  wurde im Saal des Pinellodroms mit kulturellen Beiträgen weitergefeiert. Ein Highlight war die Ausstellung „In 30 Jahren um die Welt“ , in der AssistenznehmerInnen Fotos ihrer Reisen präsentierten, die durch ambulante dienste e. V. möglich waren [<a title="Urlaubs- bzw. Reiseassistenz" href="https://www.adberlin.com/neu/unser-angebot/personliche-assistenz/personliche-assistenz-in-besonderen-lebenssituationen/urlaubs-bzw-reiseassistenz">zur Bildergalerie</a>].</p>
<p>Als offizielles Jubiläum veranstaltete ambulante dienste e.V. am 30. September 2011 in der Kreuzberger Jerusalemkirche einen Fachtag zum Thema Lebensqualität. Das Thema des Fachtags resultierte aus der Diskrepanz heraus, dass die (objektive) Qualität, die der Medizinische Dienst der Krankenkassen (MDK) regelmäßig bei Pflegediensten abprüft, nicht gleichbedeutend ist mit der (subjektiven) Lebensqualität, die eine auf Assistenz angewiesene Person empfindet. Vor diesem Hintergrund wollte ambulante dienste e. V. alternative bzw. partizipative Ansätze, Bewertungsinstrumente und Methoden der Qualitätssicherung vorstellen.</p>
<p>&gt;<a href="http://www.adberlin.com/downloads/fachtag2011/programm.pdf"> Programm des Fachtags</a></p>
<p>&gt; Text des Eröffnungsvortrags:<br />
<a href="http://www.adberlin.com/downloads/fachtag2011/vernaldi.pdf">“Standardisierte Selbstbestimmung? – Qualitätsanforderungen in der Pflege und persönliche Assistenz”</a><br />
von Matthias Vernaldi, Vorstand ambulante dienste e.V.</p>
<p>&gt; Powerpoint-Präsentationsfolien der Arbeitsgruppe 1: <a href="http://www.adberlin.com/downloads/fachtag2011/seifert.pdf"><br />
Das Konzept Lebensqualität als Orientierungsrahmen zur Annäherung an die Nutzerperspektive</a> von und mit Dr. Monika Seifert, Katholische Fachhochschule Berlin</p>
<p>&gt;Powerpoint-Präsentationsfolien der Arbeitsgruppe 2:<a href="http://www.adberlin.com/downloads/fachtag2011/nueva.pdf"><br />
Nueva – Nutzerinnen und Nutzer evaluieren</a> von und mit</p>
<ul>
<li>Mag. Martin Konrad (Nueva-Graz)</li>
<li>Janna Harms (Nueva-Ausbildung Berlin)</li>
<li>Eva Scherer (Nueva-Ausbildung Berlin)</li>
<li>Marian Holland (Nueva-Ausbildung Berlin)</li>
</ul>
<p>Nach einer kurzen Pause  folgte im Anschluss an den Fachtag ein Empfang mit Grußworten von einigen Wegbegleitern des Vereins:</p>
<ul>
<li>Heinrich Stockschlaeder im Auftrag der Senatorin für Integration, Arbeit und Soziales Carola Bluhm,</li>
<li>Holger Gerecke (ehemaliger Mitarbeiter der Senatsverwaltung für Soziales, der maßgeblich zur Etablierung des Leistungskomplex 32 [LK 32] beigetragen hat),</li>
<li>Dr. Oliver Zobel, dem Fachreferenten für ambulante Pflege und Hospize beim Paritätischen Wohlfahrtsverband, LV Berlin,</li>
<li>Dr. Ilja Seifert, dem behindertenpolitischen Sprecher der Bundestagsfraktion Die Linke und</li>
<li>Roland Walter, Mitglied der AssistenznehmerInnen-Vertretung des ambulante dienste dienste e.V.</li>
</ul>
<p>Alle hoben in ihren Reden die große Bedeutung des LK 32 für persönliche Assistenz hervor. Mit diesem bundesweit einmaligen Konstrukt war es nach Einführung der Pflegeversicherung gelungen, dass die Einführung des Modulsystems mit der daraus resultierenden „Pflege im Minutentakt“ in der persönlichen Assistenz verhindert werden konnte.</p>
<p>&gt; <a title="30 Jahre ambulante dienste e. V.: Fotos von Fachtag anschließendem Empfang" href="https://www.adberlin.com/neu/der-verein-ambulante-dienste-e-v/ad-geschichte/30-jahre-ad/30-jahre-ambulante-dienste-e-v-fotos">Fotos vom Fachtag anschließendem Empfang</a></p>
<div>
<p>&nbsp;</p>
</div>

<p>Im Jahr 2011 wurde der Verein ambulante dienste e. V. 30 Jahre alt. &#8211; Der vom Verein getragene Assistenzdienst entwickelte sich von einer Selbsthilfeinitiative zu einem mittelständischen Unternehmen. Am 7. Mai 2011 fand unsere interne Jubiläumsfeier im Pinellodrom Berlin statt: &#8230;<br /> <a href="https://www.adberlin.com/neu/der-verein-ambulante-dienste-e-v/aktivitaeten/30-jahre-ad" class="readmore_link">weiterlesen</a></p>
