{"id":361,"date":"2013-07-17T11:35:08","date_gmt":"2013-07-17T11:35:08","guid":{"rendered":"http:\/\/www.adberlin.com\/neu\/?page_id=361"},"modified":"2020-12-18T18:38:27","modified_gmt":"2020-12-18T16:38:27","slug":"mehr-uber-den-verein","status":"publish","type":"page","link":"https:\/\/www.adberlin.com\/neu\/der-verein-ambulante-dienste-e-v\/mehr-uber-den-verein","title":{"rendered":"Mehr \u00fcber den Verein"},"content":{"rendered":"<p>Wenn Sie mehr \u00fcber den Verein wissen m\u00f6chten oder sogar Mitglied werden m\u00f6chten, k\u00f6nnen Sie sich folgende Dokumente ansehen bzw. herunterladen:<\/p>\n<p><a href=\"http:\/\/www.adberlin.com\/downloads\/ad_berlin_Satzung_2006.pdf\">Satzung von ambulante dienste e.V. <\/a><\/p>\n<p><a href=\"http:\/\/www.adberlin.com\/downloads\/ad_berlin_Beitragsordnung_2002.pdf\" target=\"_blank\">Beitragsordnung von ambulante dienste e.V.<\/a><\/p>\n<p><a href=\"http:\/\/www.adberlin.com\/downloads\/Aufnahme_als_Foerdermitglied.pdf\" target=\"_blank\">Antrag auf Aufnahme als F\u00f6rdermitglied<\/a><\/p>\n<p><a href=\"http:\/\/www.adberlin.com\/downloads\/Aufnahme_als_Ordentliches_Mitglied.pdf\" target=\"_blank\">Antrag auf Aufnahme als Ordentliches Mitglied<\/a><\/p>\n<p>&nbsp;<\/p>\n<p>Unsere drei Brosch\u00fcren k\u00f6nnen Sie auf der Seite <a title=\"Unsere Aktivit\u00e4ten und Feste\" href=\"https:\/\/www.adberlin.com\/neu\/der-verein-ambulante-dienste-e-v\/aktivitaeten\">&#8222;Unsere Aktivit\u00e4ten und Feste&#8220;<\/a> herunterladen.<\/p>\n","protected":false},"excerpt":{"rendered":"<p>Wenn Sie mehr \u00fcber den Verein wissen m\u00f6chten oder sogar Mitglied werden m\u00f6chten, k\u00f6nnen Sie sich folgende Dokumente ansehen bzw. herunterladen: Satzung von ambulante dienste e.V. Beitragsordnung von ambulante dienste e.V. Antrag auf Aufnahme als F\u00f6rdermitglied Antrag auf Aufnahme als &#8230;<br \/> <a href=\"https:\/\/www.adberlin.com\/neu\/der-verein-ambulante-dienste-e-v\/mehr-uber-den-verein\" class=\"readmore_link\">weiterlesen<\/a><\/p>\n","protected":false},"author":3,"featured_media":0,"parent":358,"menu_order":0,"comment_status":"closed","ping_status":"closed","template":"","meta":[],"_links":{"self":[{"href":"https:\/\/www.adberlin.com\/neu\/wp-json\/wp\/v2\/pages\/361"}],"collection":[{"href":"https:\/\/www.adberlin.com\/neu\/wp-json\/wp\/v2\/pages"}],"about":[{"href":"https:\/\/www.adberlin.com\/neu\/wp-json\/wp\/v2\/types\/page"}],"author":[{"embeddable":true,"href":"https:\/\/www.adberlin.com\/neu\/wp-json\/wp\/v2\/users\/3"}],"replies":[{"embeddable":true,"href":"https:\/\/www.adberlin.com\/neu\/wp-json\/wp\/v2\/comments?post=361"}],"version-history":[{"count":6,"href":"https:\/\/www.adberlin.com\/neu\/wp-json\/wp\/v2\/pages\/361\/revisions"}],"predecessor-version":[{"id":3917,"href":"https:\/\/www.adberlin.com\/neu\/wp-json\/wp\/v2\/pages\/361\/revisions\/3917"}],"up":[{"embeddable":true,"href":"https:\/\/www.adberlin.com\/neu\/wp-json\/wp\/v2\/pages\/358"}],"wp:attachment":[{"href":"https:\/\/www.adberlin.com\/neu\/wp-json\/wp\/v2\/media?parent=361"}],"curies":[{"name":"wp","href":"https:\/\/api.w.org\/{rel}","templated":true}]}}