{"id":3058,"date":"2018-05-14T20:02:17","date_gmt":"2018-05-14T18:02:17","guid":{"rendered":"http:\/\/www.adberlin.com\/neu\/?page_id=3058"},"modified":"2018-05-14T22:07:59","modified_gmt":"2018-05-14T20:07:59","slug":"assistenz-im-krankenhaus-ist-fuer-viele-ueberlebensnotwendig","status":"publish","type":"page","link":"https:\/\/www.adberlin.com\/neu\/unser-angebot\/personliche-assistenz\/personliche-assistenz-in-besonderen-lebenssituationen\/assistenz-im-krankenhaus\/assistenz-im-krankenhaus-ist-fuer-viele-ueberlebensnotwendig","title":{"rendered":"Assistenz im Krankenhaus ist f\u00fcr viele \u00fcberlebensnotwendig!"},"content":{"rendered":"<p>Menschen mit einer Behinderung, die im allt\u00e4glichen Leben auf pers\u00f6nliche Assistenz angewiesen sind, ben\u00f6tigen diese Unterst\u00fctzung auch dann, wenn sie im Krankenhaus oder in einer Reha-Klinik zur Kur sind. Das in der Klinik vorhandene Personal kann diese Hilfe nicht \u00fcbernehmen: Zum einen ist nicht gen\u00fcgend Personal vorhanden, um den besonderen Bed\u00fcrfnissen einer behinderten Person gerecht werden zu k\u00f6nnen. Zum anderen haben die Mitarbeiter*nnen im Krankenhaus nicht das Wissen dar\u00fcber, welche Hilfe der*die einzelne behinderte Patient*in in welcher Art und Weise ben\u00f6tigt. Im Falle einer Kommunikationsbehinderung kommen Verst\u00e4ndigungsprobleme hinzu.<\/p>\n<p>Meist ist das Klinikpersonal sehr froh, wenn eine behinderte Person von einer Assistenzkraft begleitet wird. Das Krankenhaus will dies aber oft nicht gegen\u00fcber dem zust\u00e4ndigen Kostentr\u00e4ger bescheinigen, da ein sog. Vollversorgungsanspruch besteht. Das hei\u00dft, dass ein Krankenhaus verpflichtet ist, alle notwendigen Leistungen f\u00fcr eine*n Patient*in zu erbringen.<\/p>\n<p>&nbsp;<\/p>\n<p><a title=\"Problemaufriss Assistenz im Krankenhaus\" href=\"http:\/\/www.adberlin.com\/downloads\/Problemschilderung_Assistenz%20im Krankenhaus.pdf\">ausf\u00fchrlicher Problemaufriss, Stand: April 2018<\/a><\/p>\n","protected":false},"excerpt":{"rendered":"<p>Menschen mit einer Behinderung, die im allt\u00e4glichen Leben auf pers\u00f6nliche Assistenz angewiesen sind, ben\u00f6tigen diese Unterst\u00fctzung auch dann, wenn sie im Krankenhaus oder in einer Reha-Klinik zur Kur sind. Das in der Klinik vorhandene Personal kann diese Hilfe nicht \u00fcbernehmen: &#8230;<br \/> <a href=\"https:\/\/www.adberlin.com\/neu\/unser-angebot\/personliche-assistenz\/personliche-assistenz-in-besonderen-lebenssituationen\/assistenz-im-krankenhaus\/assistenz-im-krankenhaus-ist-fuer-viele-ueberlebensnotwendig\" class=\"readmore_link\">weiterlesen<\/a><\/p>\n","protected":false},"author":2,"featured_media":0,"parent":443,"menu_order":0,"comment_status":"closed","ping_status":"closed","template":"","meta":[],"_links":{"self":[{"href":"https:\/\/www.adberlin.com\/neu\/wp-json\/wp\/v2\/pages\/3058"}],"collection":[{"href":"https:\/\/www.adberlin.com\/neu\/wp-json\/wp\/v2\/pages"}],"about":[{"href":"https:\/\/www.adberlin.com\/neu\/wp-json\/wp\/v2\/types\/page"}],"author":[{"embeddable":true,"href":"https:\/\/www.adberlin.com\/neu\/wp-json\/wp\/v2\/users\/2"}],"replies":[{"embeddable":true,"href":"https:\/\/www.adberlin.com\/neu\/wp-json\/wp\/v2\/comments?post=3058"}],"version-history":[{"count":3,"href":"https:\/\/www.adberlin.com\/neu\/wp-json\/wp\/v2\/pages\/3058\/revisions"}],"predecessor-version":[{"id":3069,"href":"https:\/\/www.adberlin.com\/neu\/wp-json\/wp\/v2\/pages\/3058\/revisions\/3069"}],"up":[{"embeddable":true,"href":"https:\/\/www.adberlin.com\/neu\/wp-json\/wp\/v2\/pages\/443"}],"wp:attachment":[{"href":"https:\/\/www.adberlin.com\/neu\/wp-json\/wp\/v2\/media?parent=3058"}],"curies":[{"name":"wp","href":"https:\/\/api.w.org\/{rel}","templated":true}]}}