{"id":25,"date":"2011-05-11T22:40:00","date_gmt":"2011-05-11T22:40:00","guid":{"rendered":"http:\/\/www.adberlin.com\/neu\/?page_id=25"},"modified":"2013-07-29T12:31:53","modified_gmt":"2013-07-29T12:31:53","slug":"elternassistenz","status":"publish","type":"page","link":"https:\/\/www.adberlin.com\/neu\/unser-angebot\/personliche-assistenz\/personliche-assistenz-in-besonderen-lebenssituationen\/elternassistenz","title":{"rendered":"Elternassistenz"},"content":{"rendered":"<p><b>Elternassistenz<\/b><\/p>\n<p>Bei Elternassistenz geht es nicht bzw. nicht in erster Linie darum, dass die behinderte Person Hilfe f\u00fcr sich selbst ben\u00f6tigt, sondern darum, dass sie \u2013 meist die behinderte Mutter \u2013 Unterst\u00fctzung bei Versorgung bzw. Betreuung ihres Kindes ben\u00f6tigt, z. B. beim Wickeln, beim F\u00fcttern, oder \u2013 wenn das Kind \u00e4lter ist \u2013 beim Hinterher-Rennen oder beim Verhindern von Unf\u00e4llen.<br \/>\nEs geht hierbei ausschlie\u00dflich um den Ausgleich\u00a0 mangelnder oder unzureichender k\u00f6rperlicher bzw.\u00a0 motorischer F\u00e4higkeiten der Mutter\/des Vaters.<\/p>\n<p>Die Erziehungsauftrag bleibt \u2013 im Unterschied zur begleiteten Elternschaft \u2013 im vollen Umfang bei der behinderten Person.<\/p>\n<p>Die Finanzierung von Elternassistenz ist rechtlich nicht abschlie\u00dfend gekl\u00e4rt.<\/p>\n<p>Mehr Informationen: <a href=\"http:\/\/www.behinderte-eltern.de\">Bundesverband behinderter und chronisch kranker Eltern e. V.<\/a><\/p>\n<p>&nbsp;<\/p>\n","protected":false},"excerpt":{"rendered":"<p>Elternassistenz Bei Elternassistenz geht es nicht bzw. nicht in erster Linie darum, dass die behinderte Person Hilfe f\u00fcr sich selbst ben\u00f6tigt, sondern darum, dass sie \u2013 meist die behinderte Mutter \u2013 Unterst\u00fctzung bei Versorgung bzw. Betreuung ihres Kindes ben\u00f6tigt, z. &#8230;<br \/> <a href=\"https:\/\/www.adberlin.com\/neu\/unser-angebot\/personliche-assistenz\/personliche-assistenz-in-besonderen-lebenssituationen\/elternassistenz\" class=\"readmore_link\">weiterlesen<\/a><\/p>\n","protected":false},"author":2,"featured_media":211,"parent":426,"menu_order":0,"comment_status":"closed","ping_status":"closed","template":"","meta":[],"_links":{"self":[{"href":"https:\/\/www.adberlin.com\/neu\/wp-json\/wp\/v2\/pages\/25"}],"collection":[{"href":"https:\/\/www.adberlin.com\/neu\/wp-json\/wp\/v2\/pages"}],"about":[{"href":"https:\/\/www.adberlin.com\/neu\/wp-json\/wp\/v2\/types\/page"}],"author":[{"embeddable":true,"href":"https:\/\/www.adberlin.com\/neu\/wp-json\/wp\/v2\/users\/2"}],"replies":[{"embeddable":true,"href":"https:\/\/www.adberlin.com\/neu\/wp-json\/wp\/v2\/comments?post=25"}],"version-history":[{"count":8,"href":"https:\/\/www.adberlin.com\/neu\/wp-json\/wp\/v2\/pages\/25\/revisions"}],"predecessor-version":[{"id":128,"href":"https:\/\/www.adberlin.com\/neu\/wp-json\/wp\/v2\/pages\/25\/revisions\/128"}],"up":[{"embeddable":true,"href":"https:\/\/www.adberlin.com\/neu\/wp-json\/wp\/v2\/pages\/426"}],"wp:featuredmedia":[{"embeddable":true,"href":"https:\/\/www.adberlin.com\/neu\/wp-json\/wp\/v2\/media\/211"}],"wp:attachment":[{"href":"https:\/\/www.adberlin.com\/neu\/wp-json\/wp\/v2\/media?parent=25"}],"curies":[{"name":"wp","href":"https:\/\/api.w.org\/{rel}","templated":true}]}}