{"id":2297,"date":"2016-09-05T20:16:59","date_gmt":"2016-09-05T18:16:59","guid":{"rendered":"http:\/\/www.adberlin.com\/neu\/?page_id=2297"},"modified":"2018-09-13T12:18:00","modified_gmt":"2018-09-13T10:18:00","slug":"bundesteilhabegesetz","status":"publish","type":"page","link":"https:\/\/www.adberlin.com\/neu\/behindertenpolitik\/bundesteilhabegesetz","title":{"rendered":"Bundesteilhabegesetz"},"content":{"rendered":"<p><strong>Referat zum Bundesteilhabegesetz von Martin Seidler am 12.9.2018<br \/>\n<\/strong><\/p>\n<ul>\n<li><a href=\"http:\/\/www.adberlin.com\/downloads\/Text%20_ Referat zum Bundesteilhabegesetz (12.09.2018).pdf\">Text<\/a><\/li>\n<li><a href=\"http:\/\/www.adberlin.com\/downloads\/Praesentation%20_ Referat zum Bundesteilhabegesetz (12.09.2018).pdf\">Pr\u00e4sentation<\/a><\/li>\n<\/ul>\n<p><strong>Informationen zum Bundesteilhabegesetz<\/strong><\/p>\n<p>Im Jahre 2009 ist in Deutschland die UN-Be\u00adhindertenrechtskonven\u00adtion (UN-BRK) in Kraft getreten. Damit hat sich Deutschland verpflichtet, Benachteiligungen von Menschen mit Behinde\u00adrung abzubauen und Le\u00adbensbedingungen f\u00fcr sie zu schaffen, die gleich\u00adwertig zu denen von Men\u00adschen ohne Behin\u00adderung sind. Besonders wichtig dabei ist Artikel 19 der UN-BRK, der festschreibt, dass Men\u00adschen mit Behinderungen die M\u00f6glichkeit haben m\u00fcssen, frei dar\u00fcber zu entscheiden, wo und mit wem sie leben, und nicht verpflichtet sind, in be\u00adson\u00adderen Wohnformen zu leben. Sie sollen unter an\u00adderem die n\u00f6tigen Assis\u00adtenzleistungen f\u00fcr ein Le\u00adben in der Gesellschaft bzw. zur Verhinderung von Isolation erhalten.<\/p>\n<p>Zur Umsetzung der UN-BRK haben Menschen mit Behinderung und Behinderten- bzw. So\u00adzial\u00adverb\u00e4nde gro\u00dfe Er\u00adwar\u00adtun\u00adgen in das Bun\u00addes\u00adteil\u00adha\u00adbe\u00adgesetz (BTHG) gesetzt, das die Regierungspar\u00adtei\u00aden im Koa\u00adlitionsvertrag von 2013 an\u00adge\u00adk\u00fcndigt hatten.<br \/>\nNach ei\u00adnem anderthalbj\u00e4hrigen Beteiligungsprozess wur\u00adde am 26.04.2016 der Referenten\u00adentwurf ver\u00ad\u00f6f\u00adfent\u00adlicht. Der Referentenentwurf und der darauf folgende Regierungsentwurf f\u00fcr das Gesetz haben die Behindertenverb\u00e4nde sehr entt\u00e4uscht. Das ganze Jahr 2016 war von Protesten gepr\u00e4gt.<\/p>\n<p>Kurz vor der Verabschiedung des Gesetzes im Dezember 2016 konnten noch entscheidende Ver\u00e4nderungen im Gesetzestext durchgesetzt werden, mit denen drohende Verschlechterungen verhindert wurden. Es gibt sogar einige Verbesserungen, z. B. die Anhebung der Einkommens- und Verm\u00f6gensgrenze f\u00fcr Berufst\u00e4tige, die Eingliederungshilfe oder Hilfe zur Pflege bekommen.<\/p>\n<p>Das Gesetz tritt stufenweise in Kraft.<\/p>\n<ul>\n<li>Ein kleiner Teil, z. B. die Anhebung der Einkommens- und Verm\u00f6gensgrenze ist bereits seit 01.01.2017 in Kraft getreten.<\/li>\n<li>Der 1. Teil des neuen SGB IX (Regelungen f\u00fcr Menschen mit Behinderung und von Behinderung bedrohte Menschen) und der 3. Teil des neuen SGB IX (Schwerbehinterdenrecht) sind seit dem 01.01.2018 in Kraft getreten.<\/li>\n<li>Der 2. und grunds\u00e4tzlich neue Teil des neuen SGB IX (Besondere Leistungen zur selbstbestimmten Lebensf\u00fchrung f\u00fcr Menschen mit Behinderungen [Eingliederungshilferecht]) wird am 01.01.2020 in Kraft treten.<\/li>\n<li>Einige andere Regelungen werden noch sp\u00e4ter in Kraft treten.<\/li>\n<\/ul>\n<p>&nbsp;<\/p>\n<p>N\u00e4here Informationen:<\/p>\n<ul>\n<li><a href=\"https:\/\/www.bgbl.de\/xaver\/bgbl\/start.xav?startbk=Bundesanzeiger_BGBl&amp;start=\/\/*%5b@attr_id=%27bgbl116s3234.pdf%27%5d#__bgbl__%2F%2F*%5B%40attr_id%3D%27bgbl116066.pdf%27%5D__1488553910306\">Gesetzestext im Bundesgesetzblatt vom 29.12.2016<br \/>\n<\/a><\/li>\n<li><a href=\"http:\/\/www.der-paritaetische.de\/nc\/fachinfos\/artikel\/news\/handreichung-zum-bundesteilhabegesetz\/\">Handreichung des Parit\u00e4tischen zum Bundesteilhabegesetz<br \/>\n<\/a><\/li>\n<li><a href=\"https:\/\/www.lebenshilfe.de\/wData-bthg\/docs\/aktuelles\/Inkrafttreten-der-relevanten-Neuregelungen-des-BTHG-Aktualisierung-12012017.pdf\">Informationen von der Lebenshilfe e.V. zum Inkrafttreten des Bundesteilhabegesetzes <\/a><\/li>\n<li><a href=\"https:\/\/www.integrationsaemter.de\/Aenderungen-Im-SGB-IX\/618c\/index.html\">Informationen der Bundesarbeitsgemeinschaft der Integrations\u00e4mter und Hauptf\u00fcrsorgestellen zum Inkrafttreten des Bundesteilhabegesetzes<br \/>\n<\/a><\/li>\n<li><a href=\"https:\/\/umsetzungsbegleitung-bthg.de\/\">Homepage des Deutschen Vereins f\u00fcr \u00f6ffentliche und private F\u00fcrsorge e. V. zur Begleitung der Umsetzung des Bundesteilhabegesetzes (BTHG)<\/a><\/li>\n<\/ul>\n","protected":false},"excerpt":{"rendered":"<p>Referat zum Bundesteilhabegesetz von Martin Seidler am 12.9.2018 Text Pr\u00e4sentation Informationen zum Bundesteilhabegesetz Im Jahre 2009 ist in Deutschland die UN-Be\u00adhindertenrechtskonven\u00adtion (UN-BRK) in Kraft getreten. Damit hat sich Deutschland verpflichtet, Benachteiligungen von Menschen mit Behinde\u00adrung abzubauen und Le\u00adbensbedingungen f\u00fcr sie &#8230;<br \/> <a href=\"https:\/\/www.adberlin.com\/neu\/behindertenpolitik\/bundesteilhabegesetz\" class=\"readmore_link\">weiterlesen<\/a><\/p>\n","protected":false},"author":2,"featured_media":0,"parent":2295,"menu_order":0,"comment_status":"closed","ping_status":"closed","template":"","meta":[],"_links":{"self":[{"href":"https:\/\/www.adberlin.com\/neu\/wp-json\/wp\/v2\/pages\/2297"}],"collection":[{"href":"https:\/\/www.adberlin.com\/neu\/wp-json\/wp\/v2\/pages"}],"about":[{"href":"https:\/\/www.adberlin.com\/neu\/wp-json\/wp\/v2\/types\/page"}],"author":[{"embeddable":true,"href":"https:\/\/www.adberlin.com\/neu\/wp-json\/wp\/v2\/users\/2"}],"replies":[{"embeddable":true,"href":"https:\/\/www.adberlin.com\/neu\/wp-json\/wp\/v2\/comments?post=2297"}],"version-history":[{"count":9,"href":"https:\/\/www.adberlin.com\/neu\/wp-json\/wp\/v2\/pages\/2297\/revisions"}],"predecessor-version":[{"id":3179,"href":"https:\/\/www.adberlin.com\/neu\/wp-json\/wp\/v2\/pages\/2297\/revisions\/3179"}],"up":[{"embeddable":true,"href":"https:\/\/www.adberlin.com\/neu\/wp-json\/wp\/v2\/pages\/2295"}],"wp:attachment":[{"href":"https:\/\/www.adberlin.com\/neu\/wp-json\/wp\/v2\/media?parent=2297"}],"curies":[{"name":"wp","href":"https:\/\/api.w.org\/{rel}","templated":true}]}}