{"id":1741,"date":"2015-07-13T19:55:23","date_gmt":"2015-07-13T17:55:23","guid":{"rendered":"http:\/\/www.adberlin.com\/neu\/?page_id=1741"},"modified":"2017-01-19T19:49:26","modified_gmt":"2017-01-19T17:49:26","slug":"djh-gruppenkarte","status":"publish","type":"page","link":"https:\/\/www.adberlin.com\/neu\/unser-angebot\/djh-gruppenkarte","title":{"rendered":"DJH-Gruppenkarte"},"content":{"rendered":"<p>ambulante dienste e. V. ist Mitglied im Deutschen Jugendherbergswerk e. V.<\/p>\n<p>Deshalb k\u00f6nnen wir unseren Vereinsmitgliedern und unseren Assistenznehmer*innen unsere Gruppenkarte anbieten.<br \/>\nVoraussetzung f\u00fcr die Nutzung der Gruppenkarte ist eine Gruppengr\u00f6\u00dfe von mindestens 4 Personen (innerhalb Deutschlands) bzw. 10 Personen (im Ausland).<\/p>\n<p>Die barrierefreien Jugendherbergen lassen sich finden, indem man die Seite <a href=\"http:\/\/www.jugendherberge.de\/de-DE\/jugendherbergen\">http:\/\/www.jugendherberge.de\/de-DE\/jugendherbergen<\/a> aufruft und auf der linken Seite im Kasten \u201eAusstattung\u201c bei \u201eRollstuhlfahrer\u201c ein H\u00e4kchen setzt.<\/p>\n","protected":false},"excerpt":{"rendered":"<p>ambulante dienste e. V. ist Mitglied im Deutschen Jugendherbergswerk e. V. Deshalb k\u00f6nnen wir unseren Vereinsmitgliedern und unseren Assistenznehmer*innen unsere Gruppenkarte anbieten. Voraussetzung f\u00fcr die Nutzung der Gruppenkarte ist eine Gruppengr\u00f6\u00dfe von mindestens 4 Personen (innerhalb Deutschlands) bzw. 10 Personen &#8230;<br \/> <a href=\"https:\/\/www.adberlin.com\/neu\/unser-angebot\/djh-gruppenkarte\" class=\"readmore_link\">weiterlesen<\/a><\/p>\n","protected":false},"author":2,"featured_media":0,"parent":400,"menu_order":0,"comment_status":"closed","ping_status":"closed","template":"","meta":[],"_links":{"self":[{"href":"https:\/\/www.adberlin.com\/neu\/wp-json\/wp\/v2\/pages\/1741"}],"collection":[{"href":"https:\/\/www.adberlin.com\/neu\/wp-json\/wp\/v2\/pages"}],"about":[{"href":"https:\/\/www.adberlin.com\/neu\/wp-json\/wp\/v2\/types\/page"}],"author":[{"embeddable":true,"href":"https:\/\/www.adberlin.com\/neu\/wp-json\/wp\/v2\/users\/2"}],"replies":[{"embeddable":true,"href":"https:\/\/www.adberlin.com\/neu\/wp-json\/wp\/v2\/comments?post=1741"}],"version-history":[{"count":6,"href":"https:\/\/www.adberlin.com\/neu\/wp-json\/wp\/v2\/pages\/1741\/revisions"}],"predecessor-version":[{"id":2430,"href":"https:\/\/www.adberlin.com\/neu\/wp-json\/wp\/v2\/pages\/1741\/revisions\/2430"}],"up":[{"embeddable":true,"href":"https:\/\/www.adberlin.com\/neu\/wp-json\/wp\/v2\/pages\/400"}],"wp:attachment":[{"href":"https:\/\/www.adberlin.com\/neu\/wp-json\/wp\/v2\/media?parent=1741"}],"curies":[{"name":"wp","href":"https:\/\/api.w.org\/{rel}","templated":true}]}}