{"id":1734,"date":"2015-07-13T19:09:23","date_gmt":"2015-07-13T17:09:23","guid":{"rendered":"http:\/\/www.adberlin.com\/neu\/?page_id=1734"},"modified":"2017-01-19T17:53:12","modified_gmt":"2017-01-19T15:53:12","slug":"zeitlich-befristete-assistenz","status":"publish","type":"page","link":"https:\/\/www.adberlin.com\/neu\/unser-angebot\/personliche-assistenz\/personliche-assistenz-in-besonderen-lebenssituationen\/zeitlich-befristete-assistenz","title":{"rendered":"zeitlich befristete Assistenz"},"content":{"rendered":"<h3><strong>Haben Sie Bedarf an zeitlich befristeter Assistenz?<\/strong><\/h3>\n<p>&nbsp;<\/p>\n<p>Sie kommen im Rahmen ihrer Urlaubsreise nach Berlin?<\/p>\n<p>Sie wollen ein Praktikum in Berlin machen?<\/p>\n<p>Sie hatten einen Unfall und ben\u00f6tigen deswegen eine Zeit lang Unterst\u00fctzung im Alltag?<\/p>\n<p>Sie wollen eine Fortbildung in Berlin besuchen?<\/p>\n<p>Die Person, die Ihnen normalerweise hilft, ist vor\u00fcbergehend nicht in der Lage dazu?<\/p>\n<p>Sie wollen einen Menschen mit Behinderung einladen, k\u00f6nnen ihn aber nicht ausreichend unterst\u00fctzen bzw. trauen sich das nicht zu?<\/p>\n<p>&nbsp;<\/p>\n<p>Bitte melden Sie sich!<br \/>\nDie Mitarbeiter*innen von ambulante dienste e. V. werden versuchen, Sie auch in dieser Situation zu unterst\u00fctzen und geeignete Assistent*innen f\u00fcr Sie zu finden, um Ihren Hilfebedarf zu decken. (Wir k\u00f6nnen jedoch nicht 100-prozentig zusichern, dass uns dies gelingen wird.)<\/p>\n","protected":false},"excerpt":{"rendered":"<p>Haben Sie Bedarf an zeitlich befristeter Assistenz? &nbsp; Sie kommen im Rahmen ihrer Urlaubsreise nach Berlin? Sie wollen ein Praktikum in Berlin machen? Sie hatten einen Unfall und ben\u00f6tigen deswegen eine Zeit lang Unterst\u00fctzung im Alltag? Sie wollen eine Fortbildung &#8230;<br \/> <a href=\"https:\/\/www.adberlin.com\/neu\/unser-angebot\/personliche-assistenz\/personliche-assistenz-in-besonderen-lebenssituationen\/zeitlich-befristete-assistenz\" class=\"readmore_link\">weiterlesen<\/a><\/p>\n","protected":false},"author":2,"featured_media":1775,"parent":426,"menu_order":0,"comment_status":"closed","ping_status":"closed","template":"","meta":[],"_links":{"self":[{"href":"https:\/\/www.adberlin.com\/neu\/wp-json\/wp\/v2\/pages\/1734"}],"collection":[{"href":"https:\/\/www.adberlin.com\/neu\/wp-json\/wp\/v2\/pages"}],"about":[{"href":"https:\/\/www.adberlin.com\/neu\/wp-json\/wp\/v2\/types\/page"}],"author":[{"embeddable":true,"href":"https:\/\/www.adberlin.com\/neu\/wp-json\/wp\/v2\/users\/2"}],"replies":[{"embeddable":true,"href":"https:\/\/www.adberlin.com\/neu\/wp-json\/wp\/v2\/comments?post=1734"}],"version-history":[{"count":5,"href":"https:\/\/www.adberlin.com\/neu\/wp-json\/wp\/v2\/pages\/1734\/revisions"}],"predecessor-version":[{"id":2408,"href":"https:\/\/www.adberlin.com\/neu\/wp-json\/wp\/v2\/pages\/1734\/revisions\/2408"}],"up":[{"embeddable":true,"href":"https:\/\/www.adberlin.com\/neu\/wp-json\/wp\/v2\/pages\/426"}],"wp:featuredmedia":[{"embeddable":true,"href":"https:\/\/www.adberlin.com\/neu\/wp-json\/wp\/v2\/media\/1775"}],"wp:attachment":[{"href":"https:\/\/www.adberlin.com\/neu\/wp-json\/wp\/v2\/media?parent=1734"}],"curies":[{"name":"wp","href":"https:\/\/api.w.org\/{rel}","templated":true}]}}